{"id":27,"date":"2021-07-07T16:14:39","date_gmt":"2021-07-07T16:14:39","guid":{"rendered":"http:\/\/impuls4you.de\/?page_id=27"},"modified":"2024-09-07T17:02:02","modified_gmt":"2024-09-07T17:02:02","slug":"ehrenamt","status":"publish","type":"page","link":"https:\/\/impuls4you.de\/?page_id=27","title":{"rendered":"Ehrenamt"},"content":{"rendered":"\n<p><\/p>\n\n\n\n<figure class=\"wp-block-image size-large is-resized\"><img loading=\"lazy\" decoding=\"async\" width=\"1024\" height=\"885\" src=\"http:\/\/impuls4you.de\/wp-content\/uploads\/2024\/05\/HospMachtSchule2023-1024x885.jpg\" alt=\"\" class=\"wp-image-130\" style=\"width:840px;height:auto\" srcset=\"https:\/\/impuls4you.de\/wp-content\/uploads\/2024\/05\/HospMachtSchule2023-1024x885.jpg 1024w, https:\/\/impuls4you.de\/wp-content\/uploads\/2024\/05\/HospMachtSchule2023-300x259.jpg 300w, https:\/\/impuls4you.de\/wp-content\/uploads\/2024\/05\/HospMachtSchule2023-768x664.jpg 768w, https:\/\/impuls4you.de\/wp-content\/uploads\/2024\/05\/HospMachtSchule2023.jpg 1123w\" sizes=\"auto, (max-width: 1024px) 100vw, 1024px\" \/><\/figure>\n\n\n\n<p>************************************************************<\/p>\n\n\n<style>.wp-block-kadence-advancedheading.kt-adv-heading27_267f5f-df, .wp-block-kadence-advancedheading.kt-adv-heading27_267f5f-df[data-kb-block=\"kb-adv-heading27_267f5f-df\"]{font-style:normal;color:#0ea56e;}.wp-block-kadence-advancedheading.kt-adv-heading27_267f5f-df mark.kt-highlight, .wp-block-kadence-advancedheading.kt-adv-heading27_267f5f-df[data-kb-block=\"kb-adv-heading27_267f5f-df\"] mark.kt-highlight{font-style:normal;color:#f76a0c;-webkit-box-decoration-break:clone;box-decoration-break:clone;padding-top:0px;padding-right:0px;padding-bottom:0px;padding-left:0px;}.wp-block-kadence-advancedheading.kt-adv-heading27_267f5f-df img.kb-inline-image, .wp-block-kadence-advancedheading.kt-adv-heading27_267f5f-df[data-kb-block=\"kb-adv-heading27_267f5f-df\"] img.kb-inline-image{width:150px;vertical-align:baseline;}<\/style>\n<h3 class=\"kt-adv-heading27_267f5f-df wp-block-kadence-advancedheading\" data-kb-block=\"kb-adv-heading27_267f5f-df\">&#8222;Der Mensch ist ein soziales Wesen&#8220; <br>(Alfred Adler, Begr\u00fcnder der Individualpsychologie)<\/h3>\n\n\n\n<p>Deshalb glaube ich, ist es wichtig, sich f\u00fcr die Gemeinschaft\/Gesellschaft zu engagieren!<br>Derzeit bin in drei gemeinn\u00fctzigen Vereinen ehrenamtlich aktiv und gerne dazu auch Ihr Ansprechpartner:<\/p>\n\n\n\n<p>***********************************************************<\/p>\n\n\n\n<p>Seit meiner Ausbildung im Jahre 2020 bin ich mit Freude als <br><strong>Mitarbeiter\/Sterbebegleiter<\/strong> bei der &#8222;<strong>Hospiz-Bewegung L\u00fcdinghausen\/Seppenrade e.V.<\/strong>&#8220; aktiv. <br>Seit 2023 auch im Vorstand t\u00e4tig; seit August 2024 Stellv. Vorsitzender. <br>Zus\u00e4tzlich habe ich im Fr\u00fchjahr 2024 meine Ausbildung zum <strong>Trauerbegleiter <\/strong>nach den Standards des Bundesverbandes Trauerbegleitung (BTV e.V.) abgeschlossen und <br>2023 die Ausbildung zur Mitarbeit im bundesweiten Projekt &#8222;Hospiz macht Schule&#8220; absolviert. <br><em>(Siehe Zeitungsartikel und Foto oben)<\/em><br>Mehr zur Hospizbewegung (Zielen und Angeboten) finden Sie unter: <a href=\"https:\/\/hospizbewegung-lh.de\/\">www.hospizbewegung-lh.de<\/a><\/p>\n\n\n\n<p>***********************************************************<\/p>\n\n\n\n<p><\/p>\n\n\n\n<p>Im <strong>Technischen Hilfswerk (THW) Ortverband L\u00fcdinghausen<\/strong> arbeite ich ehrenamtlich mit als normaler, ausgebildeter <strong>Helfer <\/strong>sowie <strong>&#8222;Beauftragter f\u00fcr Presse- und \u00d6ffentlichkeitsarbeit&#8220;<\/strong>.<br>(Das THW ist Teil des Zivil-und Katastrophenschutzes, eine Bundesbeh\u00f6rde und untersteht dem Innenministerium)<br>Mehr zu unserem Ortsverband unter:<br> <a href=\"https:\/\/ov-luedinghausen.thw.de\" target=\"_blank\" rel=\"noreferrer noopener\">https:\/\/ov-luedinghausen.thw.de<\/a><br>Auch unter: <br><a href=\"https:\/\/jetzt.thw.de\/DE\/Startseite\/startseite.html\">https:\/\/jetzt.thw.de\/DE\/Startseite\/startseite.html<\/a><br>Auf Facebook finden Sie uns mit vielen meiner Berichte und Fotos, suche uns dort unter: <strong>@thwluedinghausen<\/strong><\/p>\n\n\n\n<p>************************************************************<\/p>\n\n\n\n<p>Im Verein &#8222;<strong>B\u00fcrger f\u00fcr B\u00fcrger e.V.<\/strong>&#8220; (Helfende H\u00e4nde L\u00fcdinghausen), indem ich von 2019-2022 im Vorstand war, engagiere ich mich als <strong>&#8222;Vorlesepate im Kindergarten&#8220; <\/strong>und als<br>Mitarbeiter im 4w\u00f6chentlich stattfindenen Werkstatt-Cafe &#8222;Kannste mal&#8220; (Reparatur defekter Kleinger\u00e4te).<br>Mehr zu allen Aktivit\u00e4ten unter:<br> <a href=\"https:\/\/www.buerger-fuer-buerger-lh.de\">https:\/\/www.buerger-fuer-buerger-lh.de<\/a><\/p>\n\n\n\n<blockquote class=\"wp-block-quote is-layout-flow wp-block-quote-is-layout-flow\">\n<p><mark style=\"background-color:rgba(0, 0, 0, 0)\" class=\"has-inline-color has-vivid-cyan-blue-color\"><strong>Bei Fragen einfach anrufen. Kontaktdaten auf der Hauptseite.<\/strong><\/mark><\/p>\n<\/blockquote>\n","protected":false},"excerpt":{"rendered":"<p>************************************************************ &#8222;Der Mensch ist ein soziales Wesen&#8220; (Alfred Adler, Begr\u00fcnder der Individualpsychologie) Deshalb glaube ich, ist es wichtig, sich f\u00fcr die Gemeinschaft\/Gesellschaft zu engagieren!Derzeit bin in drei gemeinn\u00fctzigen Vereinen ehrenamtlich aktiv und gerne dazu auch Ihr Ansprechpartner: *********************************************************** Seit meiner Ausbildung im Jahre 2020 bin ich mit Freude als Mitarbeiter\/Sterbebegleiter bei der &#8222;Hospiz-Bewegung L\u00fcdinghausen\/Seppenrade e.V.&#8220; [&hellip;]<\/p>\n","protected":false},"author":1,"featured_media":0,"parent":0,"menu_order":0,"comment_status":"closed","ping_status":"closed","template":"","meta":{"ngg_post_thumbnail":0,"footnotes":""},"class_list":["post-27","page","type-page","status-publish","hentry"],"_links":{"self":[{"href":"https:\/\/impuls4you.de\/index.php?rest_route=\/wp\/v2\/pages\/27","targetHints":{"allow":["GET"]}}],"collection":[{"href":"https:\/\/impuls4you.de\/index.php?rest_route=\/wp\/v2\/pages"}],"about":[{"href":"https:\/\/impuls4you.de\/index.php?rest_route=\/wp\/v2\/types\/page"}],"author":[{"embeddable":true,"href":"https:\/\/impuls4you.de\/index.php?rest_route=\/wp\/v2\/users\/1"}],"replies":[{"embeddable":true,"href":"https:\/\/impuls4you.de\/index.php?rest_route=%2Fwp%2Fv2%2Fcomments&post=27"}],"version-history":[{"count":21,"href":"https:\/\/impuls4you.de\/index.php?rest_route=\/wp\/v2\/pages\/27\/revisions"}],"predecessor-version":[{"id":142,"href":"https:\/\/impuls4you.de\/index.php?rest_route=\/wp\/v2\/pages\/27\/revisions\/142"}],"wp:attachment":[{"href":"https:\/\/impuls4you.de\/index.php?rest_route=%2Fwp%2Fv2%2Fmedia&parent=27"}],"curies":[{"name":"wp","href":"https:\/\/api.w.org\/{rel}","templated":true}]}}